lculate the highest common factor of u and 9.
3
Let b(k) = -2*k**2 - 4*k + 13. Let w(q) = -q**2 - 5*q + 12. Let n(g) = -2*b(g) + 3*w(g). Let s be n(7). Calculate the greatest common divisor of 40 and s.
10
Let x(a) = -a + 5. Let p be x(4). Let i = 4 - p. Suppose -21 + 5 = -4*y, t - 49 = -4*y. Calculate the greatest common factor of t and i.
3
Let p(f) = 30*f**2 + f + 1. Let s be p(-1). Let r be (-1)/(-6) - (-1255)/s. What is the highest common divisor of 28 and r?
14
Let w(r) = -2*r + 38. Let n be w(14). Calculate the highest common divisor of n and 20.
10
Suppose -81 + 15 = -2*m. Let w = -6 - -6. Suppose -h + 6*h - 55 = w. Calculate the highest common factor of h and m.
11
Let y(l) = 14*l - 7. Let g be y(4). Let u be g/5 + 5/25. What is the highest common divisor of 110 and u?
10
Suppose r - i = -2*i + 20, 0 = 3*r + 2*i - 61. What is the greatest common factor of 105 and r?
21
Let l(u) = -7*u + 1. Let a be l(-2). Suppose 4*f - 3*f - a = 0. Calculate the highest common factor of f and 3.
3
Suppose 219 = -3*l + 4*l. Suppose -l = -2*q - h + 109, 10 = -5*h. Let n = 1 - -14. Calculate the greatest common factor of q and n.
15
Let m be (-3)/6*4 - 13. Let a be (0 + m/6)*-24. What is the greatest common divisor of a and 15?
15
Let n be 4 + 1*(0 - -2). Let p(s) = s**2 - 3. Let v be p(-3). Calculate the highest common factor of v and n.
6
Let p(h) = h + 8. Let l be p(7). What is the greatest common divisor of l and 165?
15
Suppose -616 = -3*h - 4*h. What is the greatest common factor of h and 8?
8
Suppose -6*h = -4*h + 3*c - 33, c = 2*h - 21. Let k = h + 2. Calculate the greatest common divisor of 42 and k.
14
Let j(z) = 0*z - 5 + 3*z + 2*z**2 + 2*z**2 - 4*z. Let d be j(6). Suppose -2*x = -d - 11. What is the greatest common divisor of 8 and x?
8
Suppose 2*g = -4*x - 2, -2*x + x = -3*g - 3. Let i = -3 + x. Let w = i + 13. Calculate the highest common factor of w and 4.
2
Let q be 31/3 - 5/15. Let h be (2 + -1)*q - -2. What is the highest common factor of h and 12?
12
Let h(q) = -q**3 + 7*q**2 + 7*q + 18. Let r be h(8). Let a(x) = 2*x - 1. Let w be a(r). Calculate the greatest common factor of w and 171.
19
Suppose 0 = -4*f + 83 + 1. What is the greatest common divisor of f and 84?
21
Let g(b) = 7*b + 2. Let w be g(2). Calculate the greatest common factor of 144 and w.
16
Suppose -4*m + 0*m + 258 = 2*g, -3*g - 3*m + 396 = 0. Calculate the greatest common divisor of 15 and g.
15
Let p be (-114)/(-27) - (75/(-27) + 3). Let f be (9/4)/(6/16). Calculate the highest common factor of p and f.
2
Let l = -7 - -22. What is the greatest common factor of 15 and l?
15
Let r = 4 - 1. Calculate the greatest common divisor of 6 and r.
3
Suppose -2*x - 68 = -116. What is the greatest common factor of 24 and x?
24
Let i(q) be the first derivative of q**3/3 + 5*q**2/2 + q + 1. Let s be i(-6). What is the greatest common factor of s and 49?
7
Let d(o) = -2*o - 2. Let b be d(-6). Let s be ((-4)/b)/(7/(-245)). Calculate the highest common divisor of 7 and s.
7
Suppose -4*c + 2*c + 66 = 0. What is the highest common divisor of c and 11?
11
Let f(n) = -n + 2. Let z be f(-5). Let a(k) = -k**3 - 11*k**2 - 11*k - 9. Let b be a(-10). What is the highest common divisor of b and z?
1
Suppose -20 = -h + 2*p + 20, 0 = h - 3*p - 36. What is the greatest common factor of h and 12?
12
Let m(k) = k + 14. Let c be m(-9). Let z(x) be the third derivative of 5*x**4/12 - x**2. Let w be z(1). Calculate the highest common factor of c and w.
5
Let b be (-6)/8 + (-273)/(-12). Let t(c) = -c**2 + 8. Let y be t(0). Let f(k) = k - 6. Let u be f(y). Calculate the greatest common factor of u and b.
2
Let s(b) = -4*b - 3. Let x be s(-3). Suppose 0 = -3*v - x, 5*v + 1 + 15 = -y. Let m be (y + 21/15)*60. What is the greatest common divisor of m and 60?
12
Let d = 57 + -6. What is the greatest common factor of d and 34?
17
Suppose -3*s - 4*u = -2*u - 279, 3*s + 3*u = 279. Suppose -3*a + s = 5*n, 0 + 2 = 2*a. Calculate the highest common divisor of 45 and n.
9
Let p = 42 + 54. Calculate the greatest common divisor of 12 and p.
12
Suppose -7*h = -3*h - 104. What is the greatest common divisor of 130 and h?
26
Let v = -34 - -58. Calculate the greatest common factor of v and 36.
12
Let l = 15 + -21. Let j = l + 8. Let a be 15 + (1 - j/2). Calculate the highest common divisor of 150 and a.
15
Let r(n) = n**2 + 3*n - 5. Let b be r(2). Calculate the highest common divisor of 55 and b.
5
Let v(t) be the second derivative of -t**3/2 + t**2 - t. Let d = -7 + 1. Let i be v(d). What is the highest common divisor of i and 30?
10
Suppose 33 + 39 = 3*d. Let k(m) = 5*m**2 + 1 + 2 - 4*m**2. Let z be k(0). What is the greatest common factor of d and z?
3
Let z(k) = -13*k. Let w be 0*(-3)/(-6) + -3. Let y be z(w). Calculate the greatest common factor of 26 and y.
13
Suppose 2*t = -3*t - 70. Let i be ((-120)/(-14))/((-2)/t). Suppose -7*s + 21 = -259. What is the greatest common factor of s and i?
20
Suppose -3*z - 4 = 5. Let c = z + 4. Suppose 0 = -5*d + 28 + 12. What is the greatest common divisor of d and c?
1
Suppose 10*m = t + 5*m - 261, -1455 = -5*t - 5*m. Calculate the highest common factor of 26 and t.
26
Suppose l - 3*j = -3*l + 87, 0 = 5*l + 3*j - 102. Let y(d) = -d + 69. Let x be y(-15). What is the highest common factor of x and l?
21
Let r be (42/63)/(2/96). What is the greatest common divisor of 288 and r?
32
Let w be 52/(-39) + 19/3. Suppose -61 = -3*z + 29. What is the highest common divisor of z and w?
5
Let k = -1 + 3. Suppose k*t = -4*v + 4 + 62, 0 = 5*v - 5*t - 45. Calculate the highest common factor of v and 21.
7
Let p(b) = 6*b**2 - 3*b + 2. Let f be p(1). What is the greatest common factor of 45 and f?
5
Let o(c) = -c - 6. Let g be o(-6). Suppose -4*l - 15 = -9*l, -3*s - 2*l + 996 = g. What is the highest common factor of s and 30?
30
Let t(s) = s - 6. Let o be t(5). Let b = o + 13. Suppose -35 = 5*f - 275. Calculate the highest common divisor of b and f.
12
Let u(a) = -a - 3. Let i be u(-7). Suppose 0 = -4*w + 8 + i. Suppose 473 = 5*l - 3*p + 4*p, -p = w*l - 283. Calculate the highest common divisor of 19 and l.
19
Suppose 9 + 1 = -5*y. Let x be 2/y*(-10)/2. Let s = 10 - -25. What is the highest common divisor of x and s?
5
Let m = -3 + 12. Let j(z) = 11*z + 3. Let b be j(-3). Let c = b + 48. Calculate the greatest common factor of m and c.
9
Let w = -8 - -13. Let i(n) = n**3 - 9*n**2 - 10*n + 10. Let z be i(10). What is the highest common factor of z and w?
5
Let d(y) = 7*y**2 - 2*y + 1. Let c be d(1). Let g = c - -2. What is the highest common factor of 1 and g?
1
Let q be (-7)/(-42) + 3454/12. Let x = q + -133. Suppose 0 = 4*a - x - 285. What is the highest common divisor of 44 and a?
22
Let c(r) = -4*r - 3. Let x be c(-4). Suppose 1 = -o + x. Suppose 24 = -3*i + 168. Calculate the greatest common divisor of i and o.
12
Let r = -18 + 39. Calculate the greatest common factor of 189 and r.
21
Suppose -l - 2*y + 42 = 0, 0 = 3*l + 4*y - 56 - 76. Let t be (-76)/(-6) - (-8)/(-12). Calculate the highest common divisor of l and t.
12
Let k be -4*7/28 - -9*5. Calculate the highest common factor of 110 and k.
22
Suppose 1 = -5*d - 3*o, 3*o - 6*o - 7 = -d. Let l be ((-14)/35)/(d/(-50)). Calculate the highest common factor of l and 220.
20
Suppose 2*a + 2*z - 18 = 0, -32 = -3*a - 6*z + 2*z. Suppose a*u = u + 3. Let n = 4 + u. What is the greatest common divisor of n and 10?
5
Suppose t = -5*w + 62, 3*w = -3*t - w + 164. Let m = 10 + -4. Suppose 42 = 2*c + 4*l, -5*l - 32 = -m*c + 2*c. What is the greatest common divisor of c and t?
13
Suppose 2*s = 4*w - 2, -25 = -8*w + 3*w - 2*s. Suppose 0 = -n + w*n - 112. What is the highest common divisor of 14 and n?
14
Let v(s) = -s**3 - 4*s**2 + 2. Let c be v(-4). Let j be 4 - (-5 - (-8 + 5)). Calculate the highest common factor of c and j.
2
Let k(j) = 22*j**3 + 2*j**2 - 2*j. Let l be k(2). Suppose 3*o = 54 + 6. Calculate the greatest common factor of l and o.
20
Let m(f) = -f**3 + 5*f**2 - 7. Let i be m(3). What is the highest common factor of 99 and i?
11
Suppose 2*i - i - 12 = 0. Let k be 4/(-2) - (-44 + 6). What is the highest common divisor of i and k?
12
Suppose -g = 3*g - 4. Let k be 2/4*g*-4. Let t be 14 - (k - -2) - -2. Calculate the greatest common factor 